3, 83
What are the prime factors of 827287?
23, 35969
What are the prime factors of 517684?
2, 17, 23, 331
What are the prime factors of 2121103?
19, 111637
What are the prime factors of 585362?
2, 541
What are the prime factors of 11992357?
13, 922489
What are the prime factors of 4863666?
2, 3, 17, 41, 1163
What are the prime factors of 16785754?
2, 83, 101119
What are the prime factors of 6364633?
11, 578603
List the prime factors of 479315.
5, 17, 5639
List the prime factors of 14159957.
7, 53, 38167
What are the prime factors of 472645?
5, 94529
What are the prime factors of 5600859?
3, 11, 89, 1907
What are the prime factors of 2836866?
2, 3, 23, 61, 337
What are the prime factors of 443805?
3, 5, 29587
What are the prime factors of 2084899?
2084899
What are the prime factors of 312823?
7, 23, 29, 67
List the prime factors of 579848.
2, 72481
What are the prime factors of 17102498?
2, 7, 709, 1723
List the prime factors of 6812760.
2, 3, 5, 56773
List the prime factors of 173907.
3, 19, 113
What are the prime factors of 4140453?
3, 31, 211
What are the prime factors of 366677?
366677
What are the prime factors of 13378763?
31, 101, 4273
List the prime factors of 533874.
2, 3, 11, 8089
List the prime factors of 234525.
3, 5, 53, 59
List the prime factors of 170667.
3, 7, 43
List the prime factors of 259144.
2, 29, 1117
List the prime factors of 4099752.
2, 3, 56941
What are the prime factors of 10314767?
17, 199, 3049
What are the prime factors of 4610195?
5, 922039
List the prime factors of 9252293.
227, 40759
List the prime factors of 24499510.
2, 5, 7, 49999
What are the prime factors of 29768860?
2, 5, 11, 47, 2879
List the prime factors of 518096.
2, 32381
What are the prime factors of 69721?
113, 617
What are the prime factors of 237877?
237877
List the prime factors of 3574859.
29, 131, 941
List the prime factors of 32841007.
32841007
List the prime factors of 325452.
2, 3, 37, 733
What are the prime factors of 170413?
170413
List the prime factors of 17701629.
3, 11, 29, 53, 349
List the prime factors of 312008.
2, 43, 907
What are the prime factors of 1691388?
2, 3, 15661
What are the prime factors of 7381102?
2, 3690551
List the prime factors of 6079701.
3, 2026567
What are the prime factors of 1268998?
2, 634499
What are the prime factors of 265217?
17, 15601
List the prime factors of 323344.
2, 7, 2887
What are the prime factors of 573448?
2, 43, 1667
List the prime factors of 215699.
11, 19609
What are the prime factors of 11455568?
2, 715973
List the prime factors of 383934.
2, 3, 61, 1049
What are the prime factors of 10411810?
2, 5, 19, 54799
What are the prime factors of 289182?
2, 3, 48197
List the prime factors of 883212.
2, 3, 11, 6691
What are the prime factors of 1356700?
2, 5, 13567
List the prime factors of 2738468.
2, 684617
List the prime factors of 4578933.
3, 17, 89783
What are the prime factors of 626286?
2, 3, 104381
What are the prime factors of 2857989?
3, 17, 56039
List the prime factors of 62157.
3, 20719
What are the prime factors of 16548367?
11, 79, 137, 139
What are the prime factors of 1610837?
1610837
List the prime factors of 7926499.
7, 967, 1171
What are the prime factors of 753394?
2, 37, 10181
List the prime factors of 519373.
519373
What are the prime factors of 9995?
5, 1999
List the prime factors of 269124.
2, 3, 41, 547
List the prime factors of 10941988.
2, 97, 28201
List the prime factors of 457973.
53, 8641
List the prime factors of 2847488.
2, 7, 227
List the prime factors of 5474707.
7, 29, 149, 181
List the prime factors of 104305.
5, 23, 907
What are the prime factors of 2218247?
1201, 1847
What are the prime factors of 170407?
23, 31, 239
What are the prime factors of 1166510?
2, 5, 157, 743
What are the prime factors of 227636?
2, 56909
What are the prime factors of 2025456?
2, 3, 42197
List the prime factors of 13713419.
13713419
What are the prime factors of 1505034?
2, 3, 47, 593
What are the prime factors of 384005?
5, 76801
What are the prime factors of 5436814?
2, 467, 5821
What are the prime factors of 8924291?
97, 92003
List the prime factors of 1018400.
2, 5, 19, 67
What are the prime factors of 77701?
13, 43, 139
List the prime factors of 7357600.
2, 5, 17, 541
List the prime factors of 398102.
2, 31, 6421
What are the prime factors of 74713?
74713
List the prime factors of 7077025.
5, 19, 47, 317
List the prime factors of 109548.
2, 3, 17, 179
List the prime factors of 8955361.
79, 113359
List the prime factors of 2994271.
7, 41, 10433
List the prime factors of 6770099.
7, 19, 109, 467
List the prime factors of 96939.
3, 10771
What are the prime factors of 45169?
17, 2657
List the prime factors of 3499718.
2, 1749859
List the prime factors of 953350.
2, 5, 23, 829
List the prime factors of 626680.
2, 5, 15667
What are the prime factors of 189505?
5, 151, 251
List the prime factors of 232987.
232987
What are the prime factors of 29224885?
5, 277, 21101
What are the prime factors of 2806561?
37, 75853
List the prime factors of 664683.
3, 17, 13033
List the prime factors of 1035852.
2, 3, 37, 2333
What are the prime factors of 1714650?
2, 3, 5, 7, 23, 71
List the prime factors of 1900575.
3, 5, 8447
What are the prime factors of 3019642?
2, 17, 88813
What are the prime factors of 5017223?
373, 13451
What are the prime factors of 29075122?
2, 14537561
List the prime factors of 42078.
2, 3, 7013
What are the prime factors of 122874?
2, 3, 20479
List the prime factors of 169848.
2, 3, 7, 337
List the prime factors of 989110.
2, 5, 98911
What are the prime factors of 1403288?
2, 175411
List the prime factors of 4566567.
3, 47, 139, 233
List the prime factors of 560844.
2, 3, 577
What are the prime factors of 237073?
237073
List the prime factors of 534009.
3, 7, 59, 431
List the prime factors of 13220503.
151, 87553
List the prime factors of 14639952.
2, 3, 41, 43, 173
What are the prime factors of 2023022?
2, 41, 24671
List the prime factors of 11615138.
2, 23, 29, 8707
List the prime factors of 11384931.
3, 23, 164999
List the prime factors of 3672724.
2, 11, 83471
List the prime factors of 477395.
5, 95479
List the prime factors of 105311.
53, 1987
What are the prime factors of 316359?
3, 11717
What are the prime factors of 541657?
541657
What are the prime factors of 2169335?
5, 7, 61981
What are the prime factors of 363358?
2, 17, 10687
What are the prime factors of 827486?
2, 11, 29, 1297
What are the prime factors of 13774106?
2, 31, 222163
List the prime factors of 129260.
2, 5, 23, 281
List the prime factors of 3629908.
2, 17, 53381
What are the prime factors of 1564769?
71, 22039
What are the prime factors of 1370366?
2, 29, 23627
What are the prime factors of 850101?
3, 7, 5783
List the prime factors of 5180341.
5180341
List the prime factors of 2225002.
2, 13, 85577
List the prime factors of 10424196.
2, 3, 17, 17033
List the prime factors of 828546.
2, 3, 17, 8123
List the prime factors of 524916.
2, 3, 7, 2083
What are the prime factors of 3448726?
2, 1724363
List the prime factors of 3695932.
2, 923983
List the prime factors of 229750.
2, 5, 919
List the prime factors of 475235.
5, 17, 5591
What are the prime factors of 5844289?
11, 531299
List the prime factors of 301271.
73, 4127
What are the prime factors of 336567?
3, 7, 11, 31, 47
List the prime factors of 857.
857
What are the prime factors of 2401645?
5, 480329
List the prime factors of 27607563.
3, 61, 50287
What are the prime factors of 845070?
2, 3, 5, 17, 1657
What are the prime factors of 1110789?
3, 83, 1487
List the prime factors of 44306.
2, 22153
List the prime factors of 1744889.
1021, 1709
List the prime factors of 1355190.
2, 3, 5, 199, 227
What are the prime factors of 101891?
101891
List the prime factors of 47124.
2, 3, 7, 11, 17
What are the prime factors of 1232835?
3, 5, 82189
What are the prime factors of 252817?
252817
What are the prime factors of 1616556?
2, 3, 107, 1259
What are the prime factors of 1993?
1993
List the prime factors of 925654.
2, 462827
What are the prime factors of 3474965?
5, 13, 193, 277
List the prime factors of 440678.
2, 7, 31477
List the prime factors of 465341.
17, 31, 883
What are the prime factors of 759792?
2, 3, 11, 1439
What are the prime factors of